0*x + 2*i + 92. What is the greatest common factor of 66 and x?
22
Suppose -33*j + 9906 = -30420. What is the highest common factor of 52 and j?
26
Let i be (2 + 72/(-20))*-75. Suppose -i - 15 = -3*w. Let k(b) = 3*b - 6. Let n be k(5). What is the highest common factor of n and w?
9
Let a = 15964 + -7906. Calculate the highest common factor of a and 102.
102
Let l be (-3*1)/(276/(-6532)). Calculate the greatest common divisor of l and 4473.
71
Let u(t) = -8*t + 20. Let y(q) = q**2 + 9*q - 22. Let o be y(-11). Suppose o = -3*k - 42 + 18. Let s be u(k). What is the highest common divisor of 12 and s?
12
Suppose 1505 = 5*n - 3*c, 0 = 4*n - 2*c - 350 - 856. Suppose 18103*w = 36273*w - 18119*w - 969. What is the greatest common divisor of n and w?
19
Suppose -20 = -3*d + h + 13, -11 = -d - 2*h. Suppose 7*w - 321 = 372. What is the highest common divisor of d and w?
11
Suppose -2*c = 3*c - 150. Let j(s) = -8*s - 90. Let u be j(-12). Calculate the highest common factor of u and c.
6
Let o(t) = 3*t + 38. Let r(g) = -4*g - 39. Let i(w) = -7*o(w) - 6*r(w). Let d be i(-8). Let c = -43 - d. What is the greatest common factor of 143 and c?
13
Let b(k) = k**2 - 7*k - 2. Let u(r) = r. Let j(t) = b(t) - 6*u(t). Let w be j(13). Let n be -25*w/(-4)*96/(-15). What is the greatest common factor of n and 32?
16
Suppose 5 = b - 3*q, 2*b - 2*q = 3 - 1. Let g = 14 + b. Let y(c) = -3*c + 42. Let t be y(g). Calculate the highest common divisor of 12 and t.
3
Suppose 3*v - 67 = x, 5*v - 50 = 4*x + 71. Let t be 2*2/(-26) - 790/(-65). What is the highest common divisor of v and t?
3
Let r = -45 - -48. Suppose -18 = -2*f + r*p - 3, -4*f - 5*p - 25 = 0. Suppose -32 + f = -x. What is the highest common factor of 32 and x?
32
Suppose -3*d = -d - 6. Let z be (10/d)/(6/27). Suppose 3*c = -3*k + 45, -2*k + 4*c = k - 45. What is the greatest common factor of z and k?
15
Suppose -5*v + 3*v + 4*z = -24, 0 = -5*v - 5*z + 15. Let l be (v + (-54)/6)*59/(-3). Suppose l*f + 3 = 60*f. Calculate the greatest common factor of 33 and f.
3
Let a(v) = 2*v**3 + 7*v**2 + 9*v - 13*v**2 - 23 + 17. Let g be a(4). What is the greatest common factor of g and 93?
31
Let v be (1*-7)/(17/323). Let t = 204 + v. Calculate the greatest common divisor of 213 and t.
71
Suppose 3*b = -2*s + 9128, -25*s + 30*s = 2*b - 6060. What is the greatest common divisor of 1710 and b?
190
Suppose d - 139 = 5*j, 4*j + 92 = -d - 3*d. Let s = j - -50. Calculate the greatest common factor of 184 and s.
23
Let p be 3828/580 - (-24)/10. Calculate the greatest common factor of p and 2637.
9
Suppose k - 20 = -k. Suppose g - 4*l - 126 = 542, 5*l - 1310 = -2*g. Let f be (g/(-9))/11*3/(-2). Calculate the highest common factor of f and k.
10
Suppose -4*n - w = -7547, 23*n - 25*n + 3791 = -3*w. Calculate the highest common divisor of 704 and n.
32
Let x(p) = -117*p + 3514. Let v be x(30). Calculate the highest common factor of 59 and v.
1
Let a = 3541 - 1258. What is the greatest common factor of a and 3?
3
Let s be 777/6 - 6/12. Let c = s - 153. Let d = 32 + c. Calculate the greatest common factor of 16 and d.
8
Suppose 9371 = 24*n - 52109 - 135080. Calculate the highest common factor of n and 728.
182
Suppose 3*d - 291 = 5*k, -8 = k + 3*d + 61. Let o be (-36)/k - (-267)/5. Calculate the greatest common divisor of 36 and o.
18
Let k(y) = y**2 + y + 119. Let z be k(0). Suppose -432 + 479 = h - 4*m, 4 = 2*h + m. Calculate the greatest common factor of h and z.
7
Let h(s) = 64*s - 6. Let b be h(1). Suppose 27*d = b*d - 1798. What is the highest common factor of d and 522?
58
Let c = -16939 - -28863. What is the greatest common divisor of 88 and c?
44
Let u(g) = -2*g**3 - 6*g**2 - 4*g + 16. Let f be u(-5). What is the highest common factor of 56 and f?
8
Suppose 0 = 5*h - 3*h - 4, 4*p - 3*h - 382 = 0. Suppose -3*m + p = f, -3*m = -3*f + f + 239. Calculate the highest common divisor of f and 196.
28
Let u(h) = 9*h**2 + 87*h + 236. Let y(w) = -4*w**2 - 43*w - 120. Let t(o) = -3*u(o) - 7*y(o). Let x be t(-37). What is the highest common divisor of 49 and x?
7
Suppose -x = -80*c + 78*c + 558, -3*c = 3*x - 846. What is the highest common factor of c and 16?
8
Let m be 399/(30/(-255)*(-119)/42). What is the greatest common divisor of m and 1071?
63
Suppose 26 = 5*s - 3*h - 0*h, -s = 2*h. Suppose -26 = 3*p - 4*p + 5*f, -s*f = 0. Let v = -170 - -352. What is the highest common divisor of v and p?
26
Suppose -9*z + 7*d - 75 = -11*z, 45 = z + 5*d. Let h(r) = 90*r**2 - r + 1. Let f be h(1). What is the greatest common factor of z and f?
10
Suppose -24*f + 19*f = -750. Suppose 6*w - 3*w = -q + 54, -3*q + 3*w = -f. Let m(o) = -16*o + 4. Let v be m(-4). What is the highest common factor of q and v?
17
Suppose 0 = -2*n + 402 + 42. Suppose 0 = 3*m + 4*g - n - 28, 2*m = -5*g + 155. Suppose -m - 78 = -3*c. Calculate the highest common divisor of c and 28.
28
Let g(r) = 62*r + 64. Let s be g(-1). Suppose 0*h = -3*c - h + 1554, -s*c = 4*h - 1046. What is the greatest common factor of 141 and c?
47
Let r be (0 - 2) + 8*5. Suppose 0 = 3*a + 3*d + 2358, -4*a - 23*d + 20*d = 3146. Let l = -522 - a. Calculate the highest common factor of r and l.
38
Suppose -52 = -4*x + 4*l, 3*l + 1 + 11 = 0. Suppose -x*f = -225 - 9. What is the greatest common factor of 364 and f?
26
Let h = -591 + 619. Suppose -5*b = 5*v - 2*v - h, 4*v - 41 = -3*b. Calculate the highest common factor of v and 1.
1
Let c = 65 - 55. Let x be (-12)/c*(15/6 + 0). Let z be 8/3*3 - (0 + x). What is the greatest common divisor of 33 and z?
11
Suppose -5*s = -2*s + 2*k - 187, -3*k + 192 = 3*s. Suppose s = 4*p - v, -v = -4*p + v + 58. What is the highest common factor of p and 15?
15
Let k(a) = 4*a**2 + 66*a + 99. Let d be k(-19). What is the greatest common factor of 374 and d?
17
Let f(h) = 59*h - 1690. Let k be f(29). Let u be -1 - (-484)/(0 + 1). What is the highest common divisor of u and k?
21
Let m be 0 + 1 + 4 + 0. Suppose 2*y - v - 80 = 11, -v - m = 0. Calculate the highest common factor of y and 301.
43
Suppose -3*m - 5*f + 48 = 0, 3*m - f - 77 = -29. Suppose 0 = -5*y - 3*p + 744, -m = -3*p - 22. What is the highest common divisor of 15 and y?
15
Let b = 384 + -381. Suppose -2*s + 7*s = b*v - 263, 0 = -s + 5. What is the highest common factor of v and 128?
32
Suppose 0 = 18*p - 23*p, 684 = -3*i + 4*p. Let d = i - -235. Calculate the highest common factor of d and 119.
7
Let m(i) = -i**3 - 20*i**2 - 40*i - 18. Let n be m(-18). Suppose 13*v - 16*v + n = 0. Calculate the greatest common factor of 12 and v.
6
Let o(f) = f**2 + 7*f - 176. Let u be o(10). Let t be (7 + -37)*(2 - (-39)/u). What is the highest common factor of 495 and t?
45
Let s be 276 + (-9)/6 + 11/2 + 0. Calculate the highest common divisor of 602 and s.
14
Suppose -2*z - 20 = -0*m - 5*m, 0 = -3*m + z + 11. Let r be (-1 - 0 - 0)*-32. Suppose -r + 272 = m*a. What is the greatest common divisor of a and 48?
24
Suppose 8*l - 10*l - 104 = 0. Let v = l - -67. Suppose -14*j = -28 - 14. Calculate the highest common factor of v and j.
3
Suppose -4*d = -9*d + 35. Let j be (-380)/(-6) + 70/(-21) + 3. Calculate the greatest common factor of d and j.
7
Suppose -m + 3707 = 4*q, -q + 3*m = -4*q + 2769. Let p = 938 - q. What is the greatest common divisor of p and 10?
10
Suppose -7*v = 21*v - 796267 + 177971. Calculate the highest common factor of v and 244.
122
Let w(p) = 88*p**2 + 6*p + 20. Let i(q) = -44*q**2 - 3*q - 9. Let x(n) = -9*i(n) - 4*w(n). Let u be x(2). Calculate the greatest common factor of u and 122.
61
Suppose -4200 = 54*r - 159*r. Calculate the highest common factor of r and 11140.
20
Suppose 18 = 4*m + 3*h - 5, -2*m + 3*h = -7. Let s = -30148 + 30153. What is the highest common divisor of s and m?
5
Let s be (-1)/(-9) + (-92334)/(-54). Suppose s = -6*m + 25*m. Calculate the greatest common factor of 72 and m.
18
Let w be ((-539)/(-22) - 24) + 34914/4. Calculate the greatest common divisor of 609 and w.
203
Suppose 260*m = 282*m - 1320. What is the greatest common factor of m and 18?
6
Let u = 87 + -81. Let h(q) = -14*q + 18 + 5*q - 9*q**2 + 11*q**2. Let x be h(u). What is the greatest common divisor of 4 and x?
4
Let i be (-653940)/(-7020) - (-2)/(-13). What is the greatest common divisor of 1457 and i?
31
Let j = -266 